14
Calculate the remainder when 1763767 is divided by 115.
12
What is the remainder when 2674396758 is divided by 761?
760
What is the remainder when 32561 is divided by 3252?
41
Calculate the remainder when 3183526 is divided by 3483.
64
Calculate the remainder when 6322105 is divided by 1743.
244
Calculate the remainder when 1459723 is divided by 729555.
613
What is the remainder when 5859 is divided by 1765?
564
What is the remainder when 29666813 is divided by 815?
813
What is the remainder when 948348348 is divided by 1541?
1538
Calculate the remainder when 905721 is divided by 724.
721
Calculate the remainder when 406578 is divided by 8131.
28
What is the remainder when 15424699 is divided by 15424696?
3
Calculate the remainder when 16311251 is divided by 25328.
19
What is the remainder when 216309969 is divided by 34?
31
Calculate the remainder when 85586717 is divided by 2099.
2091
Calculate the remainder when 11328558 is divided by 719.
713
Calculate the remainder when 212980018 is divided by 2073.
2071
Calculate the remainder when 922256 is divided by 156.
140
What is the remainder when 4769 is divided by 2247?
275
What is the remainder when 46587 is divided by 1869?
1731
What is the remainder when 21663827 is divided by 12?
11
What is the remainder when 261515734 is divided by 130757865?
4
Calculate the remainder when 9649588 is divided by 189.
4
Calculate the remainder when 3894509 is divided by 486813.
5
What is the remainder when 477384 is divided by 39751?
372
Calculate the remainder when 180481 is divided by 44967.
613
What is the remainder when 45995772 is divided by 2392?
4
What is the remainder when 48522468 is divided by 16174152?
12
Calculate the remainder when 2423558 is divided by 2678.
2646
What is the remainder when 408146 is divided by 276?
218
What is the remainder when 187983642 is divided by 6482194?
16
Calculate the remainder when 2347912 is divided by 213444.
28
What is the remainder when 78916 is divided by 78515?
401
Calculate the remainder when 15015381 is divided by 834177.
195
What is the remainder when 3235254 is divided by 4682?
4674
What is the remainder when 11268443 is divided by 160?
123
What is the remainder when 2060118 is divided by 1286?
1232
What is the remainder when 27891697 is divided by 2243?
2235
Calculate the remainder when 1620551 is divided by 77162.
149
What is the remainder when 981961779 is divided by 295?
294
What is the remainder when 1458692157 is divided by 15?
12
Calculate the remainder when 14767838 is divided by 57913.
23
Calculate the remainder when 5571678 is divided by 3038.
3024
Calculate the remainder when 193194 is divided by 192160.
1034
Calculate the remainder when 267561 is divided by 30.
21
Calculate the remainder when 95770162 is divided by 12.
10
What is the remainder when 31411409 is divided by 289?
288
What is the remainder when 3482631 is divided by 4681?
4648
What is the remainder when 4238213 is divided by 5311?
35
What is the remainder when 343830 is divided by 427?
95
Calculate the remainder when 6394614 is divided by 376153.
13
What is the remainder when 186194145 is divided by 39?
33
Calculate the remainder when 562848 is divided by 731.
709
What is the remainder when 121923445 is divided by 50465?
5
What is the remainder when 2589297 is divided by 2906?
51
What is the remainder when 445417 is divided by 3441?
1528
What is the remainder when 24399471 is divided by 251?
12
What is the remainder when 1688780 is divided by 1687?
93
Calculate the remainder when 126039 is divided by 5519.
4621
What is the remainder when 75165 is divided by 10199?
3772
What is the remainder when 255774 is divided by 37?
30
What is the remainder when 41846808 is divided by 246?
240
What is the remainder when 222068 is divided by 1336?
292
Calculate the remainder when 47648 is divided by 23415.
818
What is the remainder when 301286808 is divided by 86?
84
Calculate the remainder when 198358994 is divided by 39671798.
4
What is the remainder when 36635580 is divided by 119724?
36
What is the remainder when 8686 is divided by 2879?
49
Calculate the remainder when 6537511 is divided by 382.
345
What is the remainder when 2609090 is divided by 47438?
0
What is the remainder when 12447658 is divided by 1830?
1828
Calculate the remainder when 982963 is divided by 381.
364
What is the remainder when 74569772 is divided by 96468?
8
What is the remainder when 1753364 is divided by 1149?
1139
Calculate the remainder when 32395274 is divided by 75.
74
Calculate the remainder when 85602 is divided by 64.
34
What is the remainder when 5305309 is divided by 37?
27
What is the remainder when 1539654 is divided by 1278?
942
What is the remainder when 7972 is divided by 1286?
256
Calculate the remainder when 484075 is divided by 13427.
703
What is the remainder when 1899660 is divided by 67845?
0
What is the remainder when 13587302 is divided by 171?
155
What is the remainder when 568384 is divided by 291?
61
Calculate the remainder when 285912 is divided by 204.
108
What is the remainder when 27361615 is divided by 739503?
4
What is the remainder when 1221517 is divided by 112?
45
Calculate the remainder when 79336 is divided by 1547.
439
What is the remainder when 10535943 is divided by 5142?
5127
What is the remainder when 3552261 is divided by 8110?
81
Calculate the remainder when 1119798594 is divided by 863.
862
Calculate the remainder when 2173794 is divided by 543439.
38
Calculate the remainder when 3017249 is divided by 40.
9
Calculate the remainder when 84189458 is divided by 14473.
17
What is the remainder when 28063832 is divided by 7314?
14
Calculate the remainder when 1154308 is divided by 576220.
1868
Calculate the remainder when 125490 is divided by 1227.
336
Calculate the remainder when 1403294 is divided by 351.
347
Calculate the remainder when 66319997 is divided by 3901175.
22
Calculate the remainder when 257937 is divided by 257849.
88
What is the remainder when 417538 is divided by 18979?
0
Calculate the remainder when 689849 is divided by 229835.
344
What is the remainder when 30447860 is divided by 9?
5
What is the remainder when 1979998 is divided by 32?
30
What is the remainder when 561573 is divided by 3820?
33
What is the remainder when 91820 is divided by 10134?
614
Calculate the remainder when 2671802 is divided by 56.
42
What is the remainder when 4627474 is divided by 523?
493
Calculate the remainder when 2316174 is divided by 82707.
378
What is the remainder when 169362 is divided by 2049?
1344
Calculate the remainder when 139195 is divided by 69525.
145
Calculate the remainder when 20390755 is divided by 98.
91
Calculate the remainder when 92744 is divided by 39987.
12770
Calculate the remainder when 40809040 is divided by 1031.
1029
What is the remainder when 7411416 is divided by 59291?
41
What is the remainder when 182922725 is divided by 7491?
7487
Calculate the remainder when 6528 is divided by 500.
28
What is the remainder when 274052 is divided by 90951?
1199
What is the remainder when 3492356 is divided by 6742?
0
What is the remainder when 824329 is divided by 13?
12
Calculate the remainder when 168339 is divided by 349.
121
What is the remainder when 33163017 is divided by 1188?
1185
Calculate the remainder when 39319 is divided by 125.
69
Calculate the remainder when 43970 is divided by 3082.
822
What is the remainder when 7087044 is divided by 85?
84
Calculate the remainder when 1309817477 is divided by 8.
5
Calculate the remainder when 12652223 is divided by 1184.
1183
What is the remainder when 25668825 is divided by 1762?
9
What is the remainder when 1998124 is divided by 12?
4
What is the remainder when 332841 is divided by 22185?
66
What is the remainder when 8332 is divided by 3402?
1528
What is the remainder when 2498256 is divided by 454?
348
What is the remainder when 637946003 is divided by 54?
47
What is the remainder when 9276679 is divided by 134?
127
What is the remainder when 213554 is divided by 30504?
26
What is the remainder when 64152869 is divided by 37?
12
What is the remainder when 33088 is divided by 1946?
6
Calculate the remainder when 4862570 is divided by 16.
10
Calculate the remainder when 1559882 is divided by 4.
2
What is